 (base 2) in base 14?
849392
Convert -305143 (base 7) to base 2.
-1100101111111000
41101 (base 13) to base 7
663655
Convert 193736a (base 11) to base 4.
30133133023
What is 20220011211 (base 3) in base 13?
49a14
3c335d (base 15) to base 11
16a9214
98182 (base 10) to base 12
4899a
17c5b3 (base 16) to base 3
2221011002110
What is 2ad6b7 (base 15) in base 3?
10220012001101
Convert -17519e (base 15) to base 7.
-12420242
21086 (base 12) to base 16
a926
What is 91791 (base 13) in base 10?
260547
What is 1712130 (base 12) in base 15?
63d0c0
528191 (base 10) to base 9
884478
-32013323 (base 4) to base 12
-2958b
10243040 (base 5) to base 3
11102201020
What is -52512431 (base 6) in base 9?
-2786831
Convert -18fe0c (base 16) to base 15.
-225485
Convert -2745859 (base 12) to base 5.
-3444302342
Convert -14423043 (base 5) to base 6.
-3152313
What is -1ee69 (base 16) in base 6?
-2413545
Convert -1002100121012 (base 3) to base 4.
-2031010031
-10111111001011000111 (base 2) to base 11
-495351
What is 670c (base 14) in base 5?
1032343
Convert f334d (base 16) to base 5.
223334143
305531 (base 7) to base 14
15151
What is -322438 (base 16) in base 10?
-3286072
What is -d3b4f (base 16) in base 15?
-121e01
Convert -27a0b (base 16) to base 14.
-4321d
2202120111 (base 3) to base 11
37932
Convert 11499a6 (base 13) to base 2.
10100010110001100010000
What is -2266130 (base 7) in base 13?
-9cc05
What is -134022204 (base 5) in base 11?
-430773
What is 16114021 (base 7) in base 2?
101111010011011010000
Convert -205535 (base 6) to base 15.
-4ec5
Convert -4424453 (base 6) to base 9.
-366576
-20002300030 (base 4) to base 10
-2108428
Convert 8b59a (base 12) to base 15.
3a074
Convert -2c50c9 (base 13) to base 5.
-240041333
Convert 1b205 (base 13) to base 4.
30331033
What is -27261 (base 13) in base 6?
-1321330
32ea7 (base 15) to base 3
22020010111
413555224 (base 6) to base 3
111112000211021
What is -648cb7 (base 15) in base 10?
-4788622
Convert -624a (base 13) to base 8.
-32416
Convert 110011110000111000 (base 2) to base 6.
4313332
Convert -130111044 (base 6) to base 8.
-11512744
What is -102330133211 (base 4) in base 12?
-17b6085
Convert -36c1 (base 15) to base 13.
-53c8
What is -5105210 (base 8) in base 3?
-2112101121200
What is -156a85 (base 12) in base 15?
-72e9b
37078 (base 9) to base 13
b411
What is 50a28 (base 11) in base 12?
370b9
-453334 (base 10) to base 7
-3565450
Convert 10743a (base 13) to base 9.
650361
-17984a (base 15) to base 4
-10113302023
-a857e (base 15) to base 16
-827de
Convert 2fc2d (base 16) to base 13.
6b075
What is -110011110111101010 (base 2) in base 10?
-212458
-5224203 (base 7) to base 8
-2312646
Convert -24d8c (base 14) to base 6.
-1534520
What is -201102022101 (base 3) in base 16?
-5d50e
What is 7a153 (base 13) in base 12?
a8672
Convert 11877836 (base 10) to base 11.
6782aa3
2443120 (base 7) to base 9
526584
What is -2253776 (base 10) in base 5?
-1034110101
Convert -3a6b9 (base 12) to base 2.
-10011101001101101
Convert 42195 (base 10) to base 13.
1628a
53931 (base 13) to base 10
150957
Convert -180166 (base 11) to base 13.
-99923
Convert 2b030 (base 12) to base 4.
32301210
Convert -2016460 (base 7) to base 15.
-4b19a
Convert 1201020221 (base 3) to base 11.
23376
What is -208912a (base 12) in base 2?
-10111011110010101110010
-10142562 (base 9) to base 2
-10010100101000000100101
-143231043 (base 5) to base 10
-758273
3423445 (base 6) to base 8
524625
What is -130421102 (base 5) in base 15?
-c9487
-457621 (base 11) to base 3
-1100221220112
What is 41554235 (base 6) in base 15?
18e4ce
Convert 79c27 (base 14) to base 16.
4843b
-1010001011001101010011 (base 2) to base 10
-2667347
Convert -161bd6 (base 15) to base 14.
-1db8da
64112 (base 9) to base 6
524102
10000110110010000001 (base 2) to base 12
227595
What is 338097 (base 13) in base 11?
761602
-142101141 (base 7) to base 14
-1345591
-3689c (base 14) to base 16
-2092a
Convert -22324130 (base 5) to base 8.
-604011
Convert -14613 (base 7) to base 9.
-5530
What is -4589968 (base 11) in base 6?
-443533453
What is -223985 (base 15) in base 3?
-10001221001122
Convert -771471 (base 13) to base 9.
-5240480
-141122015 (base 6) to base 9
-5333742
What is -1002121010011 (base 3) in base 5?
-122120211
What is 77726 (base 9) in base 12?
25a59
-4165427 (base 8) to base 16
-10eb17
What is -11010011101110110000101 (base 2) in base 15?
-920a79
Convert -3933062 (base 10) to base 7.
-45300440
What is -20121110 (base 3) in base 7?
-20022
Convert -4d1cf2 (base 16) to base 9.
-10452312
-1730773 (base 8) to base 6
-14450443
Convert -111010331 (base 4) to base 3.
-11101102112
What is -51322053 (base 6) in base 2?
-101100111100011010001
What is 1452533 (base 6) in base 8?
245611
What is -6154306 (base 7) in base 12?
-2b6087
11111110100001010001 (base 2) to base 6
34202241
Convert -22003202 (base 5) to base 7.
-1411615
Convert -101000000111111010001 (base 2) to base 8.
-5007721
40ec (base 16) to base 4
10003230
Convert 403552 (base 6) to base 13.
1171a
-20102021020210 (base 3) to base 5
-1333113240
What is 30111031 (base 6) in base 5?
204132430
What is -1078a94 (base 11) in base 5?
-440323014
What is -2801a (base 16) in base 11?
-10212a
-213003103 (base 4) to base 2
-100111000011010011
21111023321 (base 4) to base 9
4537338
What is 18022988 (base 10) in base 11?
a19aa35
What is -4769b (base 12) in base 15?
-1d6b8
What is -421221110 (base 5) in base 14?
-334bca
-10131000002 (base 4) to base 15
-180d42
Convert 1554362 (base 11) to base 8.
12103040
204a3 (base 11) to base 10
29879
994288 (base 16) to base 14
1496516
Convert -233331310 (base 4) to base 10.
-196468
What is 2071292 (base 10) in base 12?
83a7b8
-2220210321 (base 4) to base 6
-22444413
131310300 (base 5) to base 11
404976
-96442 (base 10) to base 15
-1d897
-160929 (base 11) to base 12
-100829
775257 (base 9) to base 10
463129
What is 2809cd (base 16) in base 4?
22000213031
21527 (base 10) to base 5
1142102
Convert -265250 (base 8) to base 6.
-1553452
20122212202002 (base 3) to base 13
96c713
414606 (base 7) to base 10
71301
11001011000010000 (base 2) to base 16
19610
What is 53866 (base 12) in base 2?
11010111000001110
1213054 (base 6) to base 15
14041
What is -5bb2 (base 16) in base 15?
-6e4e
What is 2400142 (base 6) in base 10?
124478
Convert 2713555 (base 8) to base 16.
b976d
14d89 (base 15) to base 12
32a63
Convert -3953a (base 12) to base 15.
-18401
What is 3840d (base 15) in base 3?
100010121211
Convert -261657 (base 9) to base 15.
-32071
7231561 (base 8) to base 14
37b5bb
What is 36a42 (base 12) in base 15?
16e2b
What is 5dbaa (base 15) in base 9?
506017
15cdc4 (base 15) to base 3
1222122201011
-986314 (base 11) to base 9
-2860375
What is -36054b (base 12) in base 13?
-2469c2
What is -6c83c (base 14) in base 13?
-93842
Convert 1231240032 (base 5) to base 13.
80a4b9
What is -3436 (base 11) in base 14?
-1908
Convert -1b5aa4 (base 15) to base 5.
-320214104
-211021010100 (base 3) to base 13
-124602
-9423273 (base 10) to base 9
-18652263
Convert -629cb (base 13) to base 5.
-21134243
What is 44422421 (base 5) in base 3?
201202202112
What is 3a39 (base 15) in base 8?
30215
What is 2a80699 (base 11) in base 5?
2322142334
What is -7a738d (base 15) in base 8?
-26232444
300332133 (base 4) to base 5
22404412
Convert 2703655 (base 9) to base 4.
11221010210
What is 356740 (base 14) in base 16?
1bd2d4
What is 12004 (base 14) in base 12?
214b0
What is 2038029 (base 12) in base 5?
3022014113
142040433 (base 5) to base 2
10110011111011100001
310776 (base 9) to base 6
3541240
What is -10001110011011101 (base 2) in base 13?
-27268
What is 564a53 (base 14) in base 15?
3cddd5
Convert -20121217 (base 8) to base 7.
-51001422
Convert -2404431 (base 5) to base 3.
-2020212012
What is -5079a (base 11) in base 7?
-426133
What is 12021002 (base 3) in base 2?
111011111100
Convert -1411252 (base 9) to base 12.
-3146a8
What is 30bb590 (base 12) in base 16?
8c787c
What is -305d34 (base 14) in base 11?
-a13534
What is 430451 (base 6) in base 13?
13012
What is -497256 (base 13) in base 10?
-1758009
Convert -210310230 (base 4) to base 13.
-53862
What is 223100201012 (base 4) in base 6?
1043015142
Convert 345450024 (base 6) to base 8.
30415440
-12212031001 (base 4) to base 8
-6461501
What is -